, 0 = 5*b + 5*w. Suppose -2 = 3*h - q, 2*h + 0*h - b = 3*q. What are the prime factors of g(h)?
2, 5
Suppose v = 2, 1367*y - 1365*y = -5*v + 75312. What are the prime factors of y?
23, 1637
Suppose 4*h - 20 + 68 = c, 0 = c + 2*h - 48. Let j(m) = -52 + 85 - 5*m - c. List the prime factors of j(-9).
2, 3, 5
Let j = 1071 - -493. Let q = j + -737. What are the prime factors of q?
827
Suppose 3*c = -g + 12, -3*c + 0*c = -4*g - 12. Suppose g = -25*f + 26*f. Suppose 12 = -4*s, -3*s + 221 = 5*r - f*s. What are the prime factors of r?
2, 23
Let o = 27 + -21. Suppose 0 = o*d - 34 - 2. List the prime factors of d.
2, 3
Suppose 3*j = -4*j + 203. Let t be -3 + 145/45 + j/(-9). Let z(q) = 20*q**2 - 3*q + 4. What are the prime factors of z(t)?
193
Let j = 47207 - 11916. List the prime factors of j.
35291
Let v be (-6)/8 + (-284)/(-16). Let a(b) = -v*b + 12 + 5 + 15*b. List the prime factors of a(4).
3
What are the prime factors of 17689 + (-142 + 139)/((-3)/(-11))?
2, 8839
Let c = 39 - 35. Suppose c*k + 32 - 44 = 0. Suppose -446 = -k*s + t, s + t + 2*t = 132. What are the prime factors of s?
3, 7
What are the prime factors of 105/(-14)*9/15*-1530?
3, 5, 17
Let z be (135/(-60))/((-2)/(-104)). Let j = z - -117. Suppose v - 14 + 1 = j. List the prime factors of v.
13
Let f(v) = -v**3 + 5*v**2 + 4*v + 14. Let z be f(6). What are the prime factors of 5/z*164/5?
2, 41
Let n(z) = 698*z**2 - 29*z - 61. Let r(u) = -346*u**2 + 14*u + 30. Let x(b) = -2*n(b) - 5*r(b). List the prime factors of x(-2).
2, 3, 37
Let n(o) = -o**2 - 6*o - 4. Let d be n(-6). Let q(t) = -12*t - 7. Let s be q(d). What are the prime factors of (1 - 0) + -2 + s?
2, 5
List the prime factors of (-3)/(-5) - (1657908/90)/(-3).
3, 23, 89
Suppose -60 = -6*t - 12. List the prime factors of -3*1039/(-2) - t/(-16).
1559
What are the prime factors of (-6 - (0 + 0))/(35 + (-5308272)/151664)?
3, 9479
Let a(o) = 4*o + 32. Let i be a(-12). Let h(k) = k**2 + 16*k + 2. Let q be h(i). Suppose -4*f - 286 = -q*g, 0 = -f - f. What are the prime factors of g?
11, 13
Let x(d) = 2*d + 8. Let p be x(-3). Suppose -p*r + 4*m + 33 = 3*r, -3*r = 5*m - 5. Let t = r - -87. What are the prime factors of t?
2, 23
Suppose 0 = -4*i + 20, -4*f + 7*f = -5*i - 3362. Let n = -674 - f. List the prime factors of n.
5, 7, 13
Suppose -540*l + 529*l + 517 = 0. Suppose -129 = -3*y + 5*y - v, 2*v = 2. Let b = l - y. What are the prime factors of b?
3, 37
Let t(p) = 7*p**2 - 12*p - 39. Let l(y) = 20*y**2 - 36*y - 117. Let v(b) = 4*l(b) - 11*t(b). What are the prime factors of v(-9)?
2, 3, 13
Let l be 5 + 404/6 + 2/(-6). List the prime factors of 6/(-27) + 40336/l.
2, 5, 7
What are the prime factors of ((1052296/95)/23 - 2/(-5))*68?
2, 17, 241
What are the prime factors of (-234)/8*-468 - 9?
2, 3, 5, 19
Let g(h) = h**3 + 4*h**2 + 9*h - 20. Let c be g(-10). Let t = -376 - c. What are the prime factors of t?
2, 167
Suppose 62*g + 90*g - 2556184 = 0. List the prime factors of g.
67, 251
Suppose -5*v + 89320 = -3*u, -2*v + 41*u + 35707 = 44*u. What are the prime factors of v?
53, 337
Let z = -21 + 16. Let j(n) = -n**2 - 4*n + 9. Let x be j(z). What are the prime factors of ((-236)/5)/((-9)/(90/x))?
2, 59
Suppose 3*o - 12 = 0, 2*o - 13198 - 10906 = -4*l. Suppose 13*u - l = u. What are the prime factors of u?
2, 251
Suppose -79*b + 82*b + 60 = 0. Let v(h) = -8*h + 128. What are the prime factors of v(b)?
2, 3
Let m = 91840 + -46997. List the prime factors of m.
44843
Let n(u) = -u + 8. Let m be 2 - 5 - (-32)/(-8). Let j be n(m). List the prime factors of (-3)/j + 1830/25.
73
Suppose -36*u + 107693 + 169435 = 0. What are the prime factors of u?
2, 3, 1283
Let q(f) = -4*f**3 - 14*f**2 + 7*f - 31. Let j be q(-9). Suppose 11*m - j = 7*m. List the prime factors of m.
2, 211
Suppose -70*o = -45*o - 148900. What are the prime factors of o?
2, 1489
List the prime factors of 11 + (-1520)/133 + (-73950)/(-21) + -2.
3, 17, 23
Suppose 5*d - 9805 - 32411 - 60544 = 0. List the prime factors of d.
2, 7, 367
Suppose -350 = 9*b - 2*b. Let r = 53 + b. Suppose -4*j = 4*d - 3*d - 20, r*j - 2*d - 15 = 0. What are the prime factors of j?
5
Let w(o) = -7*o**3 - 116*o**2 - 111*o + 20. List the prime factors of w(-18).
2, 11, 239
Suppose -i - 24 = -20, 4*i = 3*x + 32. Let r(h) = 2*h**2 + 11*h + 48. What are the prime factors of r(x)?
2, 3
Suppose -7*o = -11*o - 3*s + 46122, 3*o + 4*s - 34581 = 0. What are the prime factors of o?
3, 5, 769
Suppose 7*l = -1499 - 587. Let z = -84 - l. Suppose z = 18*y - 16*y. What are the prime factors of y?
107
Let z be ((-138)/(-2))/(-3)*-19. Let b(m) = -m**2 - 15*m - 40. Let p be b(-21). Let l = z + p. List the prime factors of l.
271
Let p(q) = -2*q**3 - 1 + 2*q + 8*q**2 + 3*q**3 - 2*q. Suppose 3*a - 9 = 4*d, -3*d - 7*a + 7 = -12*a. What are the prime factors of p(d)?
71
Let f(z) be the second derivative of -z**5/20 - z**4/3 - 5*z**3/6 + 4*z**2 - z. Let t = 154 - 160. What are the prime factors of f(t)?
2, 5, 11
Suppose c - 6*c + q - 2872 = 0, -2*q + 4 = 0. Let g = 1062 + c. List the prime factors of g.
2, 61
Suppose 3*j - 2*j + 2 = 0. Let i(h) = -186*h + 3. What are the prime factors of i(j)?
3, 5
Let y be -4 - (1 - (-124)/(-4)). Suppose p = -3*m - 0*m, y = -3*p + 4*m. Let c(g) = -g**3 - 4*g**2 + 8*g + 9. What are the prime factors of c(p)?
3, 11
What are the prime factors of 40/8 + (-118)/(-4)*226?
2, 3, 139
Let o(m) = 4*m**2 - 10*m. Suppose 2*i - 826 = -844. List the prime factors of o(i).
2, 3, 23
Suppose 32886 = 7*f + 35*f. Let c = f - 373. What are the prime factors of c?
2, 5, 41
Let q(n) = 10*n**2 - 25*n - 324. List the prime factors of q(-24).
2, 3, 503
Suppose 53*f - 62*f - 3960 = 0. Let c = f + 842. What are the prime factors of c?
2, 3, 67
Suppose s = -c - 26, 3*s - 5*c = -9*c - 74. Let f = 494 - s. List the prime factors of f.
2, 131
Suppose -264*t + 276736 + 3191841 = -358103. List the prime factors of t.
5, 13, 223
Let r be ((-12)/8)/((-6)/56). Let w(d) = d + 8 - r - 13*d. List the prime factors of w(-5).
2, 3
Let a be 4 - ((-1 - 1) + 12). Let n(m) = -m**3 - m + 30. Let y be n(0). List the prime factors of 1/a - (-1475)/y.
7
What are the prime factors of 11 - 120156/(4 - 7)?
40063
Suppose 5*a - 122460 = -t, 4*a + 69*t - 74*t - 97997 = 0. List the prime factors of a.
7, 3499
Let z(l) = -22*l + 21. Let g be z(1). What are the prime factors of (g - 2) + 3 + (506 - -8)?
2, 257
Let c = -404 - -406. Suppose -5 = -o, -3*f + 1095 = -2*f - c*o. What are the prime factors of f?
5, 13, 17
Let n be 3386/((-1)/(-4) - (-6)/8). List the prime factors of (-60)/(-90) - n/(-6).
5, 113
Suppose 4*j + 40*v - 12764 = 45*v, 2*v - 9573 = -3*j. List the prime factors of j.
3191
Suppose 9*s - 4 = -4. Suppose -2*t - 30 = -s*t. What are the prime factors of t/((-207)/66 - -3)?
2, 5, 11
Let d = 74 + 444. Suppose 7*l - 11*l + 24 = 0. Suppose -l*q + d + 886 = 0. List the prime factors of q.
2, 3, 13
Suppose -c = 3*c - 12. Let j be c + 0 - (-12 + 12). Suppose 0 = 4*y - 2*k - 96, -4*y + j*k = -5*y + 10. What are the prime factors of y?
2, 11
Let m be 63/28*(-8)/6. List the prime factors of 340 - (-5 - -8 - m).
2, 167
Suppose -4*s = -0*b + 2*b - 220, 0 = -s - 3*b + 45. Suppose -4*x - 96 - 104 = 0. Let t = s + x. List the prime factors of t.
7
Let k(f) be the first derivative of 11*f**2/2 + 43*f - 60. What are the prime factors of k(12)?
5, 7
Let n(o) = -15*o - 11. Let r(i) = -4*i - 3. Let w(d) = -6*n(d) + 22*r(d). Let g be w(12). Let h = g + 20. What are the prime factors of h?
2, 11
Let l(s) = 3*s**2 - 31*s - 13. Let q be l(14). Let z be -2*-1*2/1. Suppose 23 - q = -w - o, -517 = -z*w + 5*o. What are the prime factors of w?
3, 41
Suppose 0 = -3*c - 4*t - 28, 3*c + 2*t + 31 = -1. List the prime factors of ((-936)/48)/((-23)/c + -2).
2, 3, 13
Suppose 6*x = 14 + 4. Let z = -16 + x. What are the prime factors of (1/(-3)*z)/(2/18)?
3, 13
Suppose -3*l = -0 - 0. Suppose c + u - 1882 = -4*c, 2*c + u - 751 = l. What are the prime factors of c?
13, 29
Let z(f) = -92*f + 6. Let r be 2/5 + (-51)/15. List the prime factors of z(r).
2, 3, 47
Suppose -12 = 8*l + 4. Let i be (l + (-24)/(-10))/((-4)/(-640)). Let p = 38 + i. List the prime factors of p.
2, 3, 17
Let t = 117960 + -39217. What are the prime factors of t?
7, 1607
Let w be 3 + ((-3)/(-7) - (-60)/7). Suppos